{"id":381,"date":"2024-06-15T10:56:43","date_gmt":"2024-06-15T10:56:43","guid":{"rendered":"http:\/\/malatyaaquapark.com\/?page_id=381"},"modified":"2024-06-15T10:56:49","modified_gmt":"2024-06-15T10:56:49","slug":"bayanlara-ozel-yuzme-havuzu-2","status":"publish","type":"page","link":"https:\/\/malatyaaquapark.com\/index.php\/bayanlara-ozel-yuzme-havuzu-2\/","title":{"rendered":"Bayanlara \u00d6zel Y\u00fczme Havuzu"},"content":{"rendered":"\n<div id=\"wp-block-themeisle-blocks-slider-1a30a577\" class=\"wp-block-themeisle-blocks-slider glide\" data-per-view=\"1\" data-gap=\"0\" data-peek=\"0\" data-autoplay=\"true\" data-height=\"400px\" data-hide-arrows=\"false\"><div class=\"glide__track\" data-glide-el=\"track\"><div class=\"glide__slides\"><div class=\"wp-block-themeisle-blocks-slider-item-wrapper glide__slide\" tabindex=\"0\"><figure><img decoding=\"async\" class=\"wp-block-themeisle-blocks-slider-item\" src=\"https:\/\/malatyaaquapark.com\/wp-content\/uploads\/2024\/06\/AQUA-CITY-HAVUZ-2-1-scaled.jpg\" alt=\"\" title=\"\" data-id=\"382\"\/><\/figure><\/div><div class=\"wp-block-themeisle-blocks-slider-item-wrapper glide__slide\" tabindex=\"0\"><figure><img decoding=\"async\" class=\"wp-block-themeisle-blocks-slider-item\" src=\"https:\/\/malatyaaquapark.com\/wp-content\/uploads\/2024\/06\/AQUA-CITY-HAVUZ-3-scaled.jpg\" alt=\"\" title=\"\" data-id=\"383\"\/><\/figure><\/div><div class=\"wp-block-themeisle-blocks-slider-item-wrapper glide__slide\" tabindex=\"0\"><figure><img decoding=\"async\" class=\"wp-block-themeisle-blocks-slider-item\" src=\"https:\/\/malatyaaquapark.com\/wp-content\/uploads\/2024\/06\/AQUA-CITY-HAVUZ-4-1-scaled.jpg\" alt=\"\" title=\"\" data-id=\"384\"\/><\/figure><\/div><div class=\"wp-block-themeisle-blocks-slider-item-wrapper glide__slide\" tabindex=\"0\"><figure><img decoding=\"async\" class=\"wp-block-themeisle-blocks-slider-item\" src=\"blob:https:\/\/malatyaaquapark.com\/6e9886a5-15a2-467b-aee3-0be503ee792c\"\/><\/figure><\/div><div class=\"wp-block-themeisle-blocks-slider-item-wrapper glide__slide\" tabindex=\"0\"><figure><img decoding=\"async\" class=\"wp-block-themeisle-blocks-slider-item\" src=\"blob:https:\/\/malatyaaquapark.com\/8fd2afc5-2c29-4ccc-8dc8-c7ccd5cd063a\"\/><\/figure><\/div><div class=\"wp-block-themeisle-blocks-slider-item-wrapper glide__slide\" tabindex=\"0\"><figure><img decoding=\"async\" class=\"wp-block-themeisle-blocks-slider-item\" src=\"blob:https:\/\/malatyaaquapark.com\/5a96e61d-77cf-47b1-b8cd-e78cae0a52d5\"\/><\/figure><\/div><div class=\"wp-block-themeisle-blocks-slider-item-wrapper glide__slide\" tabindex=\"0\"><figure><img decoding=\"async\" class=\"wp-block-themeisle-blocks-slider-item\" src=\"blob:https:\/\/malatyaaquapark.com\/ebf0f171-24f4-4d71-bec5-c190a709e07e\"\/><\/figure><\/div><div class=\"wp-block-themeisle-blocks-slider-item-wrapper glide__slide\" tabindex=\"0\"><figure><img decoding=\"async\" class=\"wp-block-themeisle-blocks-slider-item\" src=\"blob:https:\/\/malatyaaquapark.com\/a5bee416-51bc-44bf-b875-d1d0d7c87e15\"\/><\/figure><\/div><div class=\"wp-block-themeisle-blocks-slider-item-wrapper glide__slide\" tabindex=\"0\"><figure><img decoding=\"async\" class=\"wp-block-themeisle-blocks-slider-item\" src=\"blob:https:\/\/malatyaaquapark.com\/3a51c6c6-ff6d-4b91-894d-52ae53f59cc3\"\/><\/figure><\/div><div class=\"wp-block-themeisle-blocks-slider-item-wrapper glide__slide\" tabindex=\"0\"><figure><img decoding=\"async\" class=\"wp-block-themeisle-blocks-slider-item\" src=\"blob:https:\/\/malatyaaquapark.com\/b95ca865-c2ad-416c-aada-756bdc29825e\"\/><\/figure><\/div><div class=\"wp-block-themeisle-blocks-slider-item-wrapper glide__slide\" tabindex=\"0\"><figure><img decoding=\"async\" class=\"wp-block-themeisle-blocks-slider-item\" src=\"blob:https:\/\/malatyaaquapark.com\/533b0a1f-99f1-4942-a765-02847bcf32a6\"\/><\/figure><\/div><div class=\"wp-block-themeisle-blocks-slider-item-wrapper glide__slide\" tabindex=\"0\"><figure><img decoding=\"async\" class=\"wp-block-themeisle-blocks-slider-item\" src=\"blob:https:\/\/malatyaaquapark.com\/a7b6e6bd-25d1-4c29-9a83-e2827f6c0123\"\/><\/figure><\/div><div class=\"wp-block-themeisle-blocks-slider-item-wrapper glide__slide\" tabindex=\"0\"><figure><img decoding=\"async\" class=\"wp-block-themeisle-blocks-slider-item\" src=\"blob:https:\/\/malatyaaquapark.com\/e5377a53-6c10-4225-9f69-cc8f90d0d8b9\"\/><\/figure><\/div><\/div><div class=\"glide__bullets\" data-glide-el=\"controls[nav]\"><button class=\"glide__bullet\" data-glide-dir=\"=0\"><\/button><button class=\"glide__bullet\" data-glide-dir=\"=1\"><\/button><button class=\"glide__bullet\" data-glide-dir=\"=2\"><\/button><button class=\"glide__bullet\" data-glide-dir=\"=3\"><\/button><button class=\"glide__bullet\" data-glide-dir=\"=4\"><\/button><button class=\"glide__bullet\" data-glide-dir=\"=5\"><\/button><button class=\"glide__bullet\" data-glide-dir=\"=6\"><\/button><button class=\"glide__bullet\" data-glide-dir=\"=7\"><\/button><button class=\"glide__bullet\" data-glide-dir=\"=8\"><\/button><button class=\"glide__bullet\" data-glide-dir=\"=9\"><\/button><button class=\"glide__bullet\" data-glide-dir=\"=10\"><\/button><button class=\"glide__bullet\" data-glide-dir=\"=11\"><\/button><button class=\"glide__bullet\" data-glide-dir=\"=12\"><\/button><\/div><\/div><\/div>\n\n\n\n<p>Aile havuzumuz 12.5\u00d728 m \u00f6l\u00e7\u00fclerinde, 350 m2 b\u00fcy\u00fckl\u00fc\u011f\u00fcndedir. Su derinli\u011fi 1.4 metredir. Havuzumuzun kapasitesi 175 ki\u015fi\/saattir. Bu havuzu sadece yeti\u015fkin bayanlar ile 7-12 ya\u015f&nbsp; k\u0131z \u00e7ocuklar\u0131 kullanabilir. 12 ya\u015f\u0131na kadar olan t\u00fcm \u00e7ocuklar\u0131n ebeveynleri yanlar\u0131nda olmadan bu havuza girmeleri kesinlikle yasakt\u0131r.<\/p>\n\n\n\n<p>7 ya\u015f\u0131ndan k\u00fc\u00e7\u00fck \u00e7ocuklar, ebeveynleri yanlar\u0131nda olsa bile, sadece \u00e7ocuk havuzunu kullanabilirler. 7 ya\u015f\u0131ndan k\u00fc\u00e7\u00fck \u00e7ocuklar\u0131n yeti\u015fkin aile havuzunu kullanmalar\u0131 yasakt\u0131r. Burada t\u00fcm sorumluluk ebeveynlere aittir.<\/p>\n","protected":false},"excerpt":{"rendered":"<p>Aile havuzumuz 12.5\u00d728 m \u00f6l\u00e7\u00fclerinde, 350 m2 b\u00fcy\u00fckl\u00fc\u011f\u00fcndedir. Su derinli\u011fi 1.4 metredir. Havuzumuzun kapasitesi 175 ki\u015fi\/saattir. Bu havuzu sadece yeti\u015fkin bayanlar ile 7-12 ya\u015f&nbsp; k\u0131z \u00e7ocuklar\u0131 kullanabilir. 12 ya\u015f\u0131na kadar olan t\u00fcm \u00e7ocuklar\u0131n ebeveynleri yanlar\u0131nda olmadan bu havuza girmeleri kesinlikle yasakt\u0131r. 7 ya\u015f\u0131ndan k\u00fc\u00e7\u00fck \u00e7ocuklar, ebeveynleri yanlar\u0131nda olsa bile, sadece \u00e7ocuk havuzunu kullanabilirler. 7 ya\u015f\u0131ndan [&hellip;]<\/p>\n","protected":false},"author":1,"featured_media":0,"parent":0,"menu_order":0,"comment_status":"closed","ping_status":"closed","template":"","meta":{"_regular_price":[],"currency_symbol":[],"_themeisle_gutenberg_block_has_review":false,"footnotes":""},"class_list":["post-381","page","type-page","status-publish","hentry"],"post_slider_layout_featured_media_urls":{"thumbnail":"","post_slider_layout_landscape_large":"","post_slider_layout_portrait_large":"","post_slider_layout_square_large":"","post_slider_layout_landscape":"","post_slider_layout_portrait":"","post_slider_layout_square":"","full":""},"_links":{"self":[{"href":"https:\/\/malatyaaquapark.com\/index.php\/wp-json\/wp\/v2\/pages\/381","targetHints":{"allow":["GET"]}}],"collection":[{"href":"https:\/\/malatyaaquapark.com\/index.php\/wp-json\/wp\/v2\/pages"}],"about":[{"href":"https:\/\/malatyaaquapark.com\/index.php\/wp-json\/wp\/v2\/types\/page"}],"author":[{"embeddable":true,"href":"https:\/\/malatyaaquapark.com\/index.php\/wp-json\/wp\/v2\/users\/1"}],"replies":[{"embeddable":true,"href":"https:\/\/malatyaaquapark.com\/index.php\/wp-json\/wp\/v2\/comments?post=381"}],"version-history":[{"count":3,"href":"https:\/\/malatyaaquapark.com\/index.php\/wp-json\/wp\/v2\/pages\/381\/revisions"}],"predecessor-version":[{"id":392,"href":"https:\/\/malatyaaquapark.com\/index.php\/wp-json\/wp\/v2\/pages\/381\/revisions\/392"}],"wp:attachment":[{"href":"https:\/\/malatyaaquapark.com\/index.php\/wp-json\/wp\/v2\/media?parent=381"}],"curies":[{"name":"wp","href":"https:\/\/api.w.org\/{rel}","templated":true}]}}